*a**2 - 10*a. Let l(g) = -4*g**3 + 4*g**2 + 5*g - 3. Let v(x) = 8*l(x) - 3*r(x). What is v(4)?
-2
Let a(w) = -8*w + 9. Let p(o) = 9*o - 12. Let r(l) = 1. Let u = 0 - -2. Let n(x) = u*r(x) + p(x). Let k(f) = -6*a(f) - 5*n(f). Determine k(6).
14
Let y(a) = 7*a**2 + 5 - a**2 - a - 2 - a**3. Suppose 2*j - 2*x = 160, 2*j + 5*x - 161 = -1. Let w be 450/j + 3/8. Calculate y(w).
-3
Let i(b) = -2*b - 3. Let g(p) = -7*p + 83. Let f be g(12). What is i(f)?
-1
Let t = -302 - -307. Let a(b) = b**3 - 7*b**2 + 4*b + 6. Determine a(t).
-24
Let l(c) be the second derivative of c**5/20 + 3*c**4/4 + c**3/2 - 2*c**2 + 245*c. Calculate l(-9).
-31
Let g(f) = 3*f - 44 + 2*f - 20 + f. Let h(m) = -m + 13. Let o(v) = -2*g(v) - 11*h(v). Give o(0).
-15
Let o(r) be the second derivative of -r**3/3 + r**2/2 - 33*r. Determine o(5).
-9
Let g(o) = -o**3 + o**2. Let s(t) = -6*t**3 - t**2 + 5*t + 4. Let c(l) = -5*g(l) + s(l). Let y be 1*(5 + -1 - 264/24). Calculate c(y).
18
Let n be (1 + -3 + 2)/(-1). Let y be (1 - -1) + n - 0. Let l(s) = 2*s**y - 4*s**2 - 2*s + 2*s - s. Determine l(2).
-10
Let p be (-30)/(-4) + -5 - 2/4. Let x(n) = -n**3 - 24*n**2 + 8*n**p - 7 + 11*n**2. What is x(-5)?
-7
Let i(g) = -3*g + 38. Suppose 4*n = 3*j + 39, -21*j + 23*j = -n + 18. What is i(n)?
2
Let w(z) = 2*z - 5. Let t be (6/(-13))/(37/(-481)). Calculate w(t).
7
Let h be 1*(-2 + 1)*0. Suppose 5*c = 4*g + 19, -5*g - 3 - 5 = -c. Let w(r) = -r**3 + c - 189*r**2 + 189*r**2. Give w(h).
3
Let v = 1434 - 1440. Let h(o) = -o**3 - 4*o**2 + 8*o - 23. What is h(v)?
1
Suppose -11 - 1 = d + 2*i, -4*d - 39 = 5*i. Let b(z) be the second derivative of z**3/3 + 9*z**2/2 + 18*z. Give b(d).
-3
Let u(x) = 2*x + 7. Suppose 564*l - 575*l - 121 = 0. What is u(l)?
-15
Let k(s) = -s**3 + 7*s**2 - 4*s + 30. Let g be k(7). Let t(h) = -6*h**2 + 3*h - 2. Give t(g).
-20
Suppose 127*c - 124*c - 39 = 0. Suppose -c = -7*p + 8. Let r(m) = m**3 - 4*m**2 + 3*m - 1. What is r(p)?
-1
Suppose 3*s - 9 = -0. Let q(d) = 10*d - 13*d + 3*d**2 + 2 - 4*d**3 + 2*d**s. Calculate q(2).
-8
Let m = 64 + -50. Let n(y) = -y**3 + 15*y**2 - 14*y - 7. Calculate n(m).
-7
Let i = -49 + 31. Let t = i - -21. Let q(n) be the second derivative of n**5/20 - n**4/6 - 5*n**3/6 + 3*n**2/2 - 2*n. Calculate q(t).
-3
Let m(v) = v**3 + 3*v**2 + 5. Let p be (14 + -20)/((-3)/(-2)). Determine m(p).
-11
Let k(l) = -l**2 + 6*l - 2. Let i be k(5). Let g be 1 - (-5 + i)/(-2). Suppose g = 3*a + 5*f - 28, -6*a - f + 8 = -3*a. Let c(n) = -7*n. Determine c(a).
-7
Suppose 2*o + 5 = -q, -3*q - 7 = -o + 1. Let p = 4 - o. Let i = p + -2. Let x(a) = -a**3 + 4*a**2 - 2*a + 1. Calculate x(i).
4
Let r = 48 + -40. Suppose 3*y = -2 + r. Let h(j) = -j**3 - 3*j**2 + 4*j - 2. What is h(y)?
-14
Suppose -24*v + 13*v + 22 = 0. Let c(o) be the second derivative of -9*o - o**v - 1/6*o**3 + 0. What is c(5)?
-7
Let z(a) = -a - 2. Suppose -255 = -3*j + p - 5*p, p - 425 = -5*j. Let w = j + -87. What is z(w)?
0
Let q(v) be the second derivative of 0 + 11/20*v**5 + 0*v**4 - 1/6*v**3 + 0*v**2 - 16*v. Determine q(1).
10
Let z = 5 - 3. Suppose -c + 4*c - 2*m = 5, -z*c = -m - 5. Let o(b) = -b**2 + 6*b - 3. What is o(c)?
2
Let d(l) = -l**2 - 14*l - 38. Let a(k) = k**3 + 38*k**2 - 45*k - 244. Let j be a(-39). Give d(j).
2
Let d be (-28)/(-21) + (-2)/(-3). Let w(y) = -16 - y - y**d + 0*y**3 + 27 + y**3. Give w(0).
11
Let k(c) = -5*c**3 - 8*c**2 - 7*c + 3. Let j(i) = -11*i**3 - 17*i**2 - 15*i + 7. Let a(q) = -4*j(q) + 9*k(q). Let n(h) = h**2 + h - 3. Let p be n(0). Give a(p).
-1
Suppose -8*v + 66 = 3*v. Let x(r) = 4*r - 3. Let c be x(2). Let j(g) = g**2 + 0*g + 2 - 2*g - c*g. Determine j(v).
-4
Let f(g) be the first derivative of g**4/12 + 4*g**3/3 + 5*g**2/2 - 15*g - 22. Let b(x) be the first derivative of f(x). Suppose -4*u = u + 30. Determine b(u).
-7
Let f(p) = -5 + p**2 + 3*p**2 - 7*p - p**2 - 2*p**2. Let v(c) = -4*c**2 - 87*c + 28. Let i be v(-22). Determine f(i).
-11
Let c(v) be the first derivative of 2*v + 5/2*v**2 - 27. Calculate c(-4).
-18
Let g(r) = -r**3 - 14*r**2 - 8*r - 2. Let s(t) = -t**2. Let b be (-27)/(-12)*(-24)/9. Let v(o) = b*s(o) + g(o). Give v(-7).
5
Let z(d) be the first derivative of -d**3/3 - 5*d**2/2 + 14*d - 332. Determine z(-7).
0
Suppose -6*f - 57 = -3*f. Let v = f - -20. Let a(k) = 6*k + v - 1 - 5*k. Determine a(5).
5
Let t(d) = -d**2 - 7*d - 3. Suppose -55 = -6*x + 227. Let i = 42 - x. Determine t(i).
7
Let r = 0 + 2. Suppose 3*a = -r*a. Suppose a = -4*x + 5*x - 1. Let f(n) = 5*n. Determine f(x).
5
Let c(x) = -24*x + 84*x - 29*x - 27*x. Let a(n) = -n**2 - 1. Let o be a(1). What is c(o)?
-8
Let a = -4 + 6. Let j(x) = 3*x + 0*x - a + 9*x - 6*x. Calculate j(-2).
-14
Let m(d) = -9*d**3 + 2*d**2 - 2*d + 25. Let c(o) = -16*o**3 + 5*o**2 - 5*o + 49. Let y(a) = -4*c(a) + 7*m(a). What is y(5)?
-16
Let h(i) = -2*i**3 + 4. Let r be -2 + (-2 - 2)/(-1). Let w(l) = 0*l**2 + l**3 + l**r + 3*l - 2*l**3 - 2*l. Let o(c) = h(c) - 3*w(c). Give o(4).
8
Let z = 159 - 152. Let n(d) = -2*d + 17. Determine n(z).
3
Let k(y) = 8 - 18*y**2 + 3 - 23*y**2 + y - 10 + 17*y**2. Suppose 5 = 4*o - 9*o. Determine k(o).
-24
Let n(s) be the first derivative of s - 2*s**2 - 1/3*s**3 + 11. Give n(-7).
-20
Let g(b) = -17*b + 3*b**2 + 2*b**2 - 4*b**2 - 2*b + 3*b - 11. What is g(17)?
6
Let q(p) = 2*p - 6 - p + 5 - 5. Give q(3).
-3
Let a be (11/3 - 3)*27. Let u = a + -9. Let b = u + -5. Let m(x) = -x - 1. Give m(b).
-5
Let l(y) = -85*y - 101*y + 189*y + y**2 - 3. Give l(-3).
-3
Let j(c) = 2*c**2 - 19*c - 8. Let g(y) = y**2 - 8*y - 4. Let k(s) = -5*g(s) + 2*j(s). Give k(4).
-4
Let o = -17 - -19. Let h be (-12)/(o/(-1) + 4). Let y(w) = w**2 + 8*w + 6. Calculate y(h).
-6
Let l(s) be the first derivative of s**4/4 + s**3/3 - s**2/2 - 4*s + 26. Let p be l(0). Let o(z) = -2*z**2 - 2*z - 2. Give o(p).
-26
Let a(m) = 2*m**2 + 3*m**3 - 7*m**2 - 5 + 3*m**3 - 5*m**3. Let k(l) = -l**2 - 5*l - 1. Let v = 1 + -3. Let u be k(v). Calculate a(u).
-5
Let j be 60/(-18)*(0 - 6/(-4)). Let c(q) be the second derivative of 0 + q**3 + 1/2*q**4 + 7/2*q**2 + 1/20*q**5 + q. Calculate c(j).
2
Let y(h) be the first derivative of -7/2*h**2 + 1/3*h**3 - 2*h - 41. Give y(6).
-8
Let m(g) = g**3 + 5*g**2 - 2*g - 3. Let y(u) = u**3 - u**2 - 11*u - 9. Let n be y(4). Calculate m(n).
7
Let u(m) = m**2 - 9. Let g be 3 - 21*4/12. Let r be (g - -4)/((-6)/(-2)). Give u(r).
-9
Let i(x) = -3*x**3 - 4*x**2 - 18*x - 4. Let b(v) = -v**3 + v**2 - 2*v - 1. Let a(m) = -4*b(m) + i(m). Determine a(9).
-9
Let r(s) = -14*s**2 - s. Let z(a) be the second derivative of 0 + 0*a**2 - 1/20*a**5 + 0*a**4 + 0*a**3 + 9*a. Let d be z(1). What is r(d)?
-13
Suppose 51 = -5*g + 3*x, -2*g - 5*x = -2*x + 12. Let k(n) = n**3 + 9*n**2 + 10. Determine k(g).
10
Let q(t) = -2*t**2 + 2*t**2 - 8*t - 14*t**2 + 8*t - t**3 - 12*t - 16. Determine q(-13).
-29
Let c(i) = -3*i - 4. Let n = -930 - -930. What is c(n)?
-4
Let i be 1 - (-3 + (1 - -2))/4. Let a(b) = 4 + 11 - b - 15. Let s(o) = o**2 + 7*o + 5. Let r(v) = i*s(v) + 2*a(v). Calculate r(-5).
5
Let c(n) = -484 - 15*n - 488 - 477 + 1461 + n**3 - 13*n**2. Determine c(14).
-2
Let x(w) = -7*w**2 + 17*w - 19. Let v(h) = h**2 - h + 1. Let y(b) = 6*v(b) + x(b). What is y(10)?
-3
Let b be -6 + 4 + 2 + 3. Suppose 2*d - 8 = -b*y, 0*y + 3*y - d = 5. Let p(n) = -2*n**2 + 4*n - 2. What is p(y)?
-2
Let y(m) be the second derivative of m**5/20 - m**4/2 + 3*m**2/2 - 52*m. What is y(6)?
3
Let t(z) = 8*z**3 + 4*z**2 - 26*z + 29. Let n(f) = 3*f**3 + f**2 - 9*f + 10. Let p(s) = 11*n(s) - 4*t(s). Give p(4).
-2
Let q = -7 + -1. Let x(d) = d**2 + 10*d + 11. Calculate x(q).
-5
Suppose -3*k + 6 = 0, -4*k = -5*o - 2*k - 49. Let p = o - -4. Let w(x) = -x**2 - 3*x + 4. Calculate w(p).
-6
Let s(w) = 2*w**2 - 6*w - 24. Let g(j) = 3*j**2 - 9*j - 33. Let k(v) = -5*g(v) + 7*s(v). What is k(2)?
-1
Let z(y) = y**2 + 1. Let o(p) = 2 - 1 - 29 + 2*p + 11. Let b(v) = v**2 - 2*v + 2. Let j be b(4). Let l be o(j). Calculate z(l).
10
Let c = -6077 + 6072. Let k(h) be the second derivative of h**4/12 + 5*h**3/6 - h**2 - h. Calculate k(c).
-2
Let n(b) = -2*b**3 - 6*b**2 + 3*b + 3. Let a be -7 - (3 - 10) - (1 - -2). Determine n(a).
-6
Let r(q) = -9*q**3 - 2*q**2 + 1. Let w(m) = -2*m + 17. Let c be (-34 - -10)*2/(-6). Let i be w(c). Calculate r(i).
-10
Let j = 152 + -157. Let q(p) = 